 = -4*l - 3. Let c be t(-5). Suppose g - 3 = 2*k, 0 = -4*g + 2*k + k + c. List the prime factors of g.
5
Let z be (-849)/(-9) - (-4)/6. What are the prime factors of 6/(-8) - z/(-4)?
23
Let r(q) = -q**2 - 11*q + 4. Let n be r(-12). Let i be ((-15)/5)/(1/n). Suppose 4*h = h + i. What are the prime factors of h?
2
Suppose -r + 220 = 4*r. What are the prime factors of r?
2, 11
List the prime factors of (-2)/4 - (-243)/6.
2, 5
Suppose 2*n = -0*n. List the prime factors of (n - -24)/3*2.
2
Let b = -20 + 50. Suppose -t = 2*x - 13, 5*t - 3*x = x + 9. List the prime factors of ((-8)/t)/((-4)/b).
2, 3
Let q = 29 - 54. Let f be 4/10 - (-692)/20. Let w = q + f. List the prime factors of w.
2, 5
Let y(t) = 2*t - 10. Let j be y(-9). Let i = j - -47. List the prime factors of i.
19
Suppose 0 = -g + 5*g + 4*x, 4*x = -3*g. Suppose g = -3*j + 3 + 3. Suppose -i + 2 = -j. What are the prime factors of i?
2
Let g = 59 - 28. List the prime factors of g.
31
List the prime factors of -4 + 32 - (0 + 3).
5
Let j(p) = -p**2 + 3*p - 2. Let y be j(2). Let w(o) be the second derivative of -o**3/6 + 3*o**2/2 - 7*o. List the prime factors of w(y).
3
Let m be 0*(-1 - 6/(-4)). Suppose 2*k - 10 = 0, m = 3*t + 3*k + 2*k - 19. What are the prime factors of 1 + t/2 + 9?
3
Let d(a) = a**2 + 4*a + 4. Let c be d(-6). Suppose 2*q + 9 = -3*h - q, 15 = -4*h - 5*q. Suppose -r = -h*r - c. List the prime factors of r.
2
Let p(a) be the first derivative of -a**4/4 + 8*a**3/3 - 7*a**2/2 - 3*a + 2. Let x be p(7). Let w(n) = -4*n - 4. List the prime factors of w(x).
2
Let c be (0/4)/(0 - -1). Suppose -3*u + 2*m + 3*m + 9 = c, -4*u + 12 = 3*m. Suppose 0*a + 4*a - u*g = -4, 22 = a + 5*g. What are the prime factors of a?
2
Let v be 1*2 + (-6)/(-3). Let a = -2 + v. List the prime factors of a.
2
Suppose 0 = x + 3*x + 140. List the prime factors of (x + 2)/(9/(-6)).
2, 11
List the prime factors of (8/10)/(26/1365).
2, 3, 7
Let q = 21 + -32. Suppose 3*g = 11 - 77. Let x = q - g. List the prime factors of x.
11
What are the prime factors of (-1)/(-4) + (-198)/(-72)?
3
Let d(w) = 2*w + 4. Let x(t) = -t - 2. Let i(y) = 3*d(y) + 7*x(y). Let l be i(-2). Suppose l = 2*h - 5*h + 24. List the prime factors of h.
2
Let t(s) = 4*s**3 - 2*s**2 + 1. Let m(x) = 5*x - 4. Let w be m(4). Suppose 15 = 3*q + 4*z, 0*q - w = -q - 5*z. List the prime factors of t(q).
3
Let x be 6*(-3 - 7/(-2)). Suppose 15 = 5*b, 4*n = -b + 4*b + 7. Suppose 0*z + 20 = 3*f - n*z, 0 = x*f - 5*z - 16. What are the prime factors of f?
2, 3
Let t = 202 - 91. List the prime factors of t.
3, 37
Suppose 4*u - 2*k = 4 - 2, 0 = 5*u + 4*k - 22. Let l = u + -4. What are the prime factors of -4*((0 - 0) + l)?
2
Suppose 4*k - k = 12. Suppose k*t = h + 3*h + 60, -3*t - h = -33. What are the prime factors of t?
2, 3
Let j(t) = -3*t - 14. List the prime factors of j(-6).
2
Let a = 50 - -7. What are the prime factors of a?
3, 19
Suppose -v + 3*v = 0. Let q(s) = s. Let d be q(v). Suppose 2*w - 42 = 2*t, d = 2*w + 3*t - 5 - 12. List the prime factors of w.
2
Suppose 7*k - 10*k + 171 = 0. List the prime factors of k.
3, 19
Suppose -20*t = -18*t - 176. List the prime factors of t.
2, 11
Let t be 10/(-4)*(-24)/15. Suppose 0*j - 68 = t*j. Let x = -9 - j. What are the prime factors of x?
2
Let h = 0 + 7. Let f = h - -40. What are the prime factors of f?
47
Suppose -2*u = 3*u - 25. What are the prime factors of u?
5
Let n be 28/16 + 3/12. Suppose -n*r - 83 - 54 = 5*t, 5*r = -5*t - 140. Let a = -6 - t. What are the prime factors of a?
3, 7
Let v be 192 - (1*-3)/3. Let o = v + -136. Suppose -q = -4*s - 7, -5*q - 5 = -3*s - o. What are the prime factors of q?
11
Let q = 22 - 18. Suppose -3*n + s + 90 = 4*s, -5*n + q*s = -186. What are the prime factors of n?
2, 17
List the prime factors of ((-33)/(-55))/((-2)/(-410)).
3, 41
Let t(p) = -p + 2. Let b(c) = 1. Let q(v) = 6*b(v) + t(v). List the prime factors of q(-10).
2, 3
Suppose 4*w = 5*p + 1 + 14, 3*w = 0. Let n = 14 - p. What are the prime factors of n?
17
Suppose -g - p = -223, 5*g - 889 = g - 3*p. What are the prime factors of g?
2, 5, 11
Let c(s) = -2*s + 19. List the prime factors of c(-5).
29
Let r = -9 + 73. What are the prime factors of r?
2
Suppose 4*r - 69 = 2*b + b, 2*b - 56 = -3*r. What are the prime factors of r?
2, 3
Suppose -16 = -5*k + 9. Suppose -56 = -k*q + q. What are the prime factors of q?
2, 7
Let h(l) = -6 - 22*l + 5*l**2 - 3*l**3 + 2*l**3 + 36*l. What are the prime factors of h(6)?
2, 3, 7
Suppose -8*k = -k - 1015. What are the prime factors of k?
5, 29
Let n = -216 + 506. What are the prime factors of n?
2, 5, 29
What are the prime factors of (1*-208 + 1)*(-4)/6?
2, 3, 23
List the prime factors of 8/20 + (-444)/(-15).
2, 3, 5
What are the prime factors of 8/6*(-225)/(-10)?
2, 3, 5
Let r(y) = y**2 - 8*y + 3. Let l be r(6). Let o(u) = u**2 + 10*u + 10. Let h be o(l). Let c = 8 + h. What are the prime factors of c?
3
Suppose 0 = -3*z + 187 - 70. List the prime factors of z.
3, 13
Suppose j + j + 68 = 0. Let g = j + 47. List the prime factors of g.
13
Let a(o) = o**2 + 5*o - 4. Let n be a(4). Let d = n + -5. Suppose -2*c = -7*x + 4*x + d, -4*x + 3*c = -35. List the prime factors of x.
11
Let r(u) = -u**3 + 17*u**2 - 15*u + 7. What are the prime factors of r(16)?
23
Let k be (-3 + -59)*2/(-4). Suppose -h + 3*j + k = 4*h, 2*j - 14 = -h. Suppose -h - 2 = -5*f. List the prime factors of f.
2
Let g(r) = -r - 4. Let y be g(-10). Suppose -y - 26 = -2*x. List the prime factors of x.
2
Let w(t) be the third derivative of -t**4/8 - t**3/2 - 2*t**2. Let z be w(7). List the prime factors of -15*(2 - z/(-9)).
2, 5
Suppose -4*r + 15 = -k, -3*k + 0*r = -r - 10. Suppose -2*x + k*n = -44, 5*x = -n + 82 + 1. What are the prime factors of x?
17
Let y(p) = p**3 - p**2 - 5*p + 3. Let m be y(-4). Let g = -38 - m. What are the prime factors of g?
19
Suppose 47 = -5*j + 327. Let a = j + -22. List the prime factors of a.
2, 17
Let b(a) = -16 - 10 - 5*a + 11*a. What are the prime factors of b(13)?
2, 13
Suppose 2*x - 2*k + 8 = 0, -4*x - 3*k - 22 = -k. Let p = -3 - x. List the prime factors of p/((-8)/(-18))*2.
3
Let f(x) = -1 - 25*x + 11*x + 11*x + x**3 + 5*x**2. Let s be (-14)/3 + 4/(-12). What are the prime factors of f(s)?
2, 7
Suppose 10 + 182 = 3*l. What are the prime factors of l?
2
Let t(l) = -17*l**3 + 4*l**2 + l - 4. What are the prime factors of t(-2)?
2, 73
Let l(u) be the third derivative of u**5/60 - u**4/12 + 2*u**3/3 + u**2. Suppose x - 2 = -d, -d = -2*x + 4*d + 11. List the prime factors of l(x).
7
Let a(p) = -p + 1. Let f(q) = -2*q - 1. Let g be f(1). List the prime factors of a(g).
2
Let p be (-79)/(-4) + 1/4. Suppose 5 = r, 3*r - p = -3*o - r. Let t = o - -6. List the prime factors of t.
2, 3
Let d(k) = k**2 - 3*k - 10. List the prime factors of d(-4).
2, 3
What are the prime factors of 9 + -8 - ((1 - 119) + -2)?
11
Suppose -2 - 24 = -k + 5*x, 0 = -x + 4. What are the prime factors of k?
2, 23
Let s(c) = -3*c - 6. Suppose 3*z - 10 = z. Suppose -4*l - z = n + 1, -2*l = 0. What are the prime factors of s(n)?
2, 3
List the prime factors of 4/(2 + 2/(-3)).
3
List the prime factors of (-5)/(10/4) + 28.
2, 13
Suppose 8*d - 3*d - 15 = 0. List the prime factors of d.
3
Let v(d) = 2*d + 7. Let r be v(-6). Let a be (-4)/(-1)*5/r. What are the prime factors of (-1)/2 + (-42)/a?
2, 5
Suppose 2*y - p - 52 = 0, -3*y - 2*y + 116 = p. Suppose -2*t = -0*t - y. List the prime factors of t.
2, 3
Let g(c) = 22*c**3 + 2*c - 1. Let x be g(1). Suppose -x*v = -18*v - 155. What are the prime factors of v?
31
Let h = 2 + -5. List the prime factors of h*4*(-2)/12.
2
Suppose 5*r + 0*h - 54 = -2*h, 4*h + 42 = 5*r. Suppose 14 = 3*s + j, 5*s + 2*j = 4*j + 5. Let t = r + s. What are the prime factors of t?
13
Suppose -15 = -5*t - 0*t. Let r = -5 + t. What are the prime factors of r/(-9) + 106/9?
2, 3
Suppose -4*u = -2*u - 18. Let x be (-18)/(u/(-12) - -1). List the prime factors of (-2)/11 - x/33.
2
Let z be (12/9)/((-2)/(-3)). Suppose -8 = -4*t + d + 3*d, 2 = z*d. Suppose -t*g + 2 = -4. What are the prime factors of g?
2
Let i(f) = f**3 + 8*f**2 - 3*f - 9. Let y = -8 + 0. What are the prime factors of i(y)?
3, 5
Suppose 3*q - c - 62 = 0, -c + 26 = -0*q + q. List the prime factors of q.
2, 11
Let n = -25 - -53. List the prime f